*t = 145, s*t = 3*i - 96. Suppose 30*a + 48 = i*a. What are the prime factors of a?
2, 3
Suppose -402*h + 6 = -403*h. List the prime factors of 376/h*(-108)/24.
2, 3, 47
Let x = 25858 + -22730. What are the prime factors of x?
2, 17, 23
Suppose 0 = -2*i - 5*k - 91, -i = -3*k + 20 + 31. Let c(s) = s**2 + 33*s + 174. List the prime factors of c(i).
2, 3, 149
Let p(z) be the first derivative of -46*z**2 + 2. Let f be (39/(-117)*9/4)/(6/16). What are the prime factors of p(f)?
2, 23
Suppose 5*l - 3*m - 39749 = 0, -127*l = -126*l + m - 7953. What are the prime factors of l?
7951
Suppose 0 = 3*r + 4*l - 81, -2*r - r + 54 = -5*l. Let o = r - 22. What are the prime factors of o/(-2) - (-825)/6?
137
Let o(c) = 1772*c - 1979. List the prime factors of o(5).
7, 983
Suppose 0 = -3*p + 15, 0*m = 5*m - 5*p - 32445. List the prime factors of m.
2, 17, 191
Let k(l) = -l**3 - 17*l**2 - 14*l + 6. Let z be k(-16). Let p(m) = -10*m - 58. List the prime factors of p(z).
2, 101
Suppose 185*b - 5038009 = 214696. List the prime factors of b.
28393
Let x be (-189)/(-35) + 4/(-10). Suppose x*u = 4*u + 2*d + 44, -u + 38 = 4*d. Suppose 7*j - u = 14. What are the prime factors of j?
2
Suppose 10*t - 2*t = 696. Let y = t + -63. Suppose -y*c + 232 = -20*c. What are the prime factors of c?
2, 29
Suppose -15 = 5*n, 4*i - 3*i - 5*n - 17 = 0. Let y(u) = 51*u**3 + 4*u**2 - 13*u + 5. List the prime factors of y(i).
13, 31
Let g = -3 - -4. Let k be (3/(-6))/(g/(-10)). Suppose -k*m + 149 = -296. List the prime factors of m.
89
Let k(w) = -5*w**3 - w - 10. Let j(l) = 9*l**3 + l**2 + 2*l + 19. Let c = -20 + 26. Let s(y) = c*j(y) + 11*k(y). What are the prime factors of s(6)?
2, 5
Let y(m) = -13*m**3 + 34*m**2 + 17*m - 467. List the prime factors of y(-16).
41, 1493
Let p be 50/15*1*57. Let h be -5 - -6 - 1/((-1)/p). Suppose 0 = 2*j + 4*t - 204, -4*j + 5*t + 243 = -h. What are the prime factors of j?
2, 53
Suppose -41*s + 53*s - 20952 = 0. What are the prime factors of s?
2, 3, 97
Let o be 1/(24/354) - (-1)/4. Let v be -206*(o/(-6) - -2). Let j = v + -55. List the prime factors of j.
2, 3
Let b be 42/(-4)*(-5 - (-13)/3). Let u be (-18)/(-7)*(-5)/(-15)*b. List the prime factors of (u/(-2))/(-15) - (-8964)/30.
13, 23
Suppose 5*d - 6*d - s = -25303, 2*d - 2*s - 50590 = 0. List the prime factors of d.
3, 937
Suppose -641*r - 196420 = -669*r. What are the prime factors of r?
5, 23, 61
List the prime factors of 4194240/288*(-6)/(-1) - -4.
2, 3, 11, 331
Let k(r) = 300*r**2 - 5. Suppose -z = 3*o - 6*z + 19, 5*o - 30 = -4*z. What are the prime factors of k(o)?
5, 239
Suppose -207 = -4*k + 2153. Let n = k - -333. List the prime factors of n.
13, 71
Let k be 96/15 - 6 - 429/(-15). Suppose -25*a + k*a = 3236. List the prime factors of a.
809
Let h = -503 + 638. Suppose -4*x = -9*x - 405. Let r = h + x. What are the prime factors of r?
2, 3
Let v(m) = 259*m + 8724. What are the prime factors of v(75)?
3, 11, 853
Let l = 576 + -500. Suppose -2916 = -l*p + 70*p. List the prime factors of p.
2, 3
Let n = -354 - -649. Let y = n + 124. List the prime factors of y.
419
Let g = -40033 - -69682. What are the prime factors of g?
3, 9883
Suppose 16997 = v - 5*f, -v - 5081 + 22078 = -4*f. List the prime factors of v.
23, 739
Let d = -55 + 62. Suppose -d*b + 6*b + 6 = 0. List the prime factors of (26/b)/(3/9).
13
Suppose c = -4*d - 14, 7*d - 4*d + 6 = -3*c. Suppose -4*b = -c*s - 444, -13*b + 3*s - 333 = -16*b. List the prime factors of b.
3, 37
Suppose 218*f - 615 = 215*f. What are the prime factors of (-6 + f)*1 + -5?
2, 97
Suppose 0 = -4*c - 15 + 739. List the prime factors of c/(5 + (-45)/10).
2, 181
Let v(w) = 21*w**2 + 66*w + 128. What are the prime factors of v(-20)?
2, 17, 53
Let n(h) = 6*h**2 + 288*h + 274. List the prime factors of n(-65).
2, 863
Let v be 0/(-5 + -3 + 9). Suppose 8*d - 5*d - 654 = v. What are the prime factors of d?
2, 109
Let w = 59808 + -32241. List the prime factors of w.
3, 1021
Let w = -40933 - -90872. What are the prime factors of w?
49939
Let x = -248 + 242. What are the prime factors of (2 - (-3)/x)*(4 + 174)?
3, 89
Suppose -3*m = 4*c - 46347, 10*m - 15*m - c + 77262 = 0. What are the prime factors of m?
3, 17, 101
Suppose -3*q + 2*q = 2*q. Suppose -n + 2*n = -q*n. Suppose -476 = -n*l - 7*l. List the prime factors of l.
2, 17
Let m(s) = -s**2 - 3*s + 4. Let x be m(1). Suppose x*q - 3*q + 9 = -2*d, -4*q + 12 = -5*d. Suppose -i + d*i = -70. List the prime factors of i.
2, 5, 7
Suppose -34*a + 99*a = 509665. What are the prime factors of a?
7841
Suppose 0 = 6409*i - 6472*i + 508347. List the prime factors of i.
8069
Suppose 3*a - 24177 = -j, -2*j + 3693 - 11759 = -a. What are the prime factors of a?
2, 5, 13, 31
Suppose 0 = 40*r - 59474 - 94246. Let i = -2617 + r. What are the prime factors of i?
2, 613
Suppose -2895 + 346 = -3*f + 5*k, 4*k = -4. What are the prime factors of f?
2, 53
Suppose -20*j = 159*j - 2355819. What are the prime factors of j?
3, 41, 107
Suppose 5*p - 1345 - 1470 = 0. Suppose -j = -5*l - p - 548, 0 = 5*l - 5*j + 1095. Let m = -142 - l. List the prime factors of m.
3
Let v(g) = g**2 + g - 1. Let u(x) = 51*x**3 + 4*x**2 + 9*x + 1. Let z(c) = -u(c) - 4*v(c). What are the prime factors of z(-2)?
3, 5
Let p be 704 - ((-28)/(-6) + 8/(-12)). Let o = p + -110. Suppose 0*d + 4*d - 974 = -5*q, 0 = -3*q - d + o. What are the prime factors of q?
2, 3, 11
Let m(h) be the first derivative of 33 + 14*h - 51/2*h**2. List the prime factors of m(-4).
2, 109
Let w(a) = 3*a - 5*a + 2*a - 10 - 3*a + 90*a**2. Let k be w(-2). Suppose -5*j - k = -2*x - 9*j, -2*j = -2. What are the prime factors of x?
2, 11
Let r = -937 - -1795. List the prime factors of r.
2, 3, 11, 13
Suppose -3792 = -17*b + 5*b. Let t = 747 - b. List the prime factors of t.
431
Let q = 971 + -1073. What are the prime factors of 1/(1/q)*(-22)/2?
2, 3, 11, 17
Suppose -8*t = -2*f - 5*t + 15771, -4*t = 3*f - 23614. List the prime factors of f.
2, 3, 13, 101
Suppose -3*w - 4*z - 7 = 0, 17*z - 18*z + 2 = 2*w. Suppose -w*r - 792 = -j, -2*j - 2*r - 3148 = -6*j. List the prime factors of j.
2, 3, 131
Let n = 19 + -14. Let f be (0 - -3)/((-3)/((-1035)/n)). Let p = 322 - f. What are the prime factors of p?
5, 23
List the prime factors of 16 + -10 - 21 - -5443.
2, 23, 59
Suppose -106614 = -2897*o + 2892*o + l, l - 1 = 0. List the prime factors of o.
21323
Let u(c) = 123*c**2 + 9*c - 11. List the prime factors of u(-5).
3019
What are the prime factors of (4/4)/((9/(-26898))/(-1 - 2))?
2, 4483
Let l be 210/4 + (-27)/18. Let d = 53 - l. Suppose 3*j - 680 = -d*j - 5*n, 0 = -3*j - 4*n + 409. What are the prime factors of j?
3, 5
Let w(z) = -z**3 + 8*z**2 + 5*z - 11. Let k be w(6). Let o be 779/7 + (-26)/k. Suppose 33 = 2*m - o. List the prime factors of m.
2, 3
Let h(b) = -233*b**3 - 19*b**2 - 73*b + 13. What are the prime factors of h(-5)?
2, 3, 41, 59
Suppose -58 = 3*r - 2*p, 4*r + 5*p = 3*r - 8. Let w(m) = m**3 + 18*m**2 - 17*m + 67. List the prime factors of w(r).
373
Suppose c = 3*l - l + 37, -4*c + 213 = 5*l. Let w = 112 + 15. Suppose -i - c = -w. What are the prime factors of i?
2, 5
Let d = -43 - 59. Suppose 97*o - 102*o - 250 = 0. Let l = o - d. What are the prime factors of l?
2, 13
Let p(x) = -126*x**3 - 58*x**2 - 7*x - 7. List the prime factors of p(-5).
2, 3, 199
Let d(l) = -12*l + 64. Let q be 10*((-14)/10)/(-7). Suppose -q*r = -8*r - 102. What are the prime factors of d(r)?
2, 67
Let v = -162 + 292. Let j = v + 109. Suppose -75 = 4*q - j. What are the prime factors of q?
41
Let d(h) = 2*h**2 - 19*h + 47. Let r be d(6). Suppose r*c = -s + 545, -1102 = -6*s + 4*s + 2*c. List the prime factors of s.
2, 5, 11
Let b be (0 - 14)/(-10 - -8). Suppose u + 5*p - 725 = 0, -16 = b*p - 3*p. List the prime factors of u.
5, 149
Let p(m) = 4*m**3 + 40*m**2 + 8*m + 21. Let i be p(-10). Let n = i - -62. What are the prime factors of n?
3
What are the prime factors of ((-1744490)/44 + 0 + 11)*-2?
79273
Let y = 98820 - 65438. List the prime factors of y.
2, 16691
Suppose -6*y + 14 = -28. Let l be (-1 + 0)*(-7)/(y/3). List the prime factors of (l*2/(-18))/((-2)/276).
2, 23
Let r = -71 - -169. Let t = 182 - r. What are the prime factors of (-5)/((-10)/456) + t/(-42)?
2, 113
Let c(f) = -f**3 + 17*f**2 + 41*f + 163. List the prime 